mmon divisor of 1 and n?
1
Let s be 27/(2/(10/1)). Let i = -129 - -248. Suppose 0 = 5*j - i - 151. Calculate the highest common factor of j and s.
27
Let x = -1444 - -1465. Calculate the highest common divisor of 7 and x.
7
Let i(x) = 16*x**3 + x - 5*x**2 + 2*x - 4 + 7. Let y be i(2). What is the highest common factor of y and 13?
13
Suppose x + 2 = 2*k - 3*x, -3*k + 3*x = -18. Let g = -15 - -15. Suppose g*v + 220 = 4*v. What is the greatest common divisor of v and k?
11
Suppose 3*t - 5*t + 112 = 2*s, 0 = -3*s - 2*t + 172. Let a be 40/s*33/2. Calculate the highest common divisor of 44 and a.
11
Let b(r) = -r**2 + 7*r - 7. Let c be b(5). Let x = 19 - c. Let v(l) = l**2 - 5*l - 2. Let w be v(6). Calculate the highest common divisor of x and w.
4
Let m(z) = -2*z**3 - 24*z**2 + 24*z + 23. Let b be m(-13). What is the greatest common factor of 49 and b?
49
Suppose 16*f - 219 - 5 = 0. Calculate the greatest common divisor of f and 133.
7
Let i be 148 + 2 - (0 + 0). Let s be (-11)/(33/18) + 1*31. Calculate the greatest common divisor of s and i.
25
Let n = 632 - 317. Calculate the greatest common factor of 9 and n.
9
Suppose h + 104 = 5*o - 46, 90 = 3*o + 2*h. Calculate the greatest common factor of o and 120.
30
Let t(z) = 10*z**2 + 42*z + 83. Let r be t(-2). What is the greatest common factor of 91 and r?
13
Suppose -36*x + 25*x + 594 = 0. Calculate the greatest common divisor of 135 and x.
27
Suppose o - 370 = 3*l, o + 6*l - 370 = 10*l. What is the highest common factor of o and 10?
10
Let z(t) = -2*t**2 + 2*t - 12. Let p be z(0). Let o(m) = -4*m - 18. Let n be o(p). What is the highest common divisor of n and 45?
15
Let g(i) = -1 - 105*i + 106*i + 5 + 18*i**2 - i**3. Let u be g(18). What is the highest common divisor of u and 66?
22
Let r(o) = -o**3 + 8*o**2 - 10*o - 5. Let l be r(7). Let f = -16 - l. What is the greatest common factor of 90 and f?
10
Let r be 1/((10/18)/5). Suppose 4*p = -z - r, -2*z = z - p - 12. Calculate the greatest common factor of 24 and z.
3
Suppose -4*c + 3*n = -26, -2*c + 6 + 6 = -n. Suppose -c*x = -x - 24. Calculate the highest common factor of x and 14.
2
Let z be (-3)/(-2)*(19 + -7). Let v be z/(10/4 - 1). Let m(i) = i**2 - 6*i - 10. Let c be m(8). Calculate the greatest common divisor of v and c.
6
Let y be (-25191)/(-135) + (-4)/(-10). Calculate the highest common divisor of 22 and y.
11
Let d(o) = o**2 + 6*o - 9. Let t be d(-4). Let n = 23 + t. Suppose 4*p - p - 5*z = -8, 4*z = 5*p - 4. What is the greatest common factor of p and n?
2
Let a = -36 - -52. Suppose -q = -x - 75, 4*q + x = 158 + 167. Calculate the greatest common divisor of q and a.
16
Let d be 26672/32 - (-3 + 28/8). Calculate the highest common factor of d and 51.
17
Let z(t) = -t**2 - 3*t + 1. Let f be z(-4). Let s be 4 - (-32 + 4 + f). What is the greatest common divisor of s and 7?
7
Let o be (-3 - -7*5/10)*1218. What is the highest common factor of o and 42?
21
Suppose 3*j + 22 = -3*u + 97, -95 = -3*j + u. Calculate the highest common divisor of j and 70.
10
Let y be 4/14 + 23/(-7). Let i = y - -20. Calculate the greatest common factor of i and 136.
17
Suppose 64*b - 310 = 62*b. What is the highest common factor of 31 and b?
31
Let x(t) = -4*t**2 + 2*t**2 - 2 - 7 - 10*t + 3*t**2. Let u be x(11). Let h = -38 - -60. What is the highest common divisor of u and h?
2
Let s = 425 + -173. Calculate the highest common factor of 36 and s.
36
Let b(g) = g**2 - 36*g - 74. Let v be b(39). Let o = -233 - -577. Calculate the greatest common factor of o and v.
43
Let p = -1 + 6. Suppose 3*t + 4*j - 220 = 0, 0*j - p = -5*j. Let q be (-2 - 0)*(-22 - 2). What is the greatest common divisor of t and q?
24
Let d(p) = 77*p - 452. Let r be d(6). Calculate the highest common factor of r and 1430.
10
Suppose -5*k - k = -30. Suppose -149 - 186 = k*h. Let x be (-16)/4 + 6 - h. What is the greatest common factor of 46 and x?
23
Suppose 2*d + 4*d = 24. Let c be 0 - (5 - (5 - -4)). Calculate the highest common divisor of c and d.
4
Let m = -46 - -44. Suppose 2*w = 4*w + 40. Let o be m/(-8) - 135/w. Calculate the greatest common factor of 28 and o.
7
Suppose 2*g = -3*t + 275, -2*t = -3*t + 5. Suppose 3*z - g = a - 0*a, 175 = 4*z - a. Suppose -z = 2*c - 7*c. Calculate the highest common divisor of c and 45.
9
Suppose 0 = 4*j + 3*c - 72, -3*j = -4*c - 12 - 67. Suppose w - 3*s - j - 39 = 0, 4*w - 254 = 5*s. What is the highest common divisor of w and 99?
33
Let f = 6 - 7. Let n = 11 + f. Suppose -6*w = -n - 2. Calculate the highest common factor of 12 and w.
2
Let u(b) = 34*b**2 - b - 1. Let s be u(-1). Let y = 32 - s. Let x be -3 - (46*y)/4. Calculate the greatest common factor of x and 20.
20
Let k(f) = 3*f**3 - 2*f**2 - f. Let d = -18 + 20. Let t be k(d). Calculate the highest common factor of t and 14.
14
Suppose -28*u - 3*h = -24*u - 2576, 2*u - 1288 = 5*h. What is the highest common divisor of 84 and u?
28
Let q(r) = 28*r - 18. Let t be q(2). What is the highest common divisor of 190 and t?
38
Suppose -2*d + 2*v - 4*v = -30, 4*d + 3*v = 59. Calculate the highest common factor of 945 and d.
7
Let i be ((-6)/4)/((-18)/(-48)). Let f be i/3*(-144)/32. Let x be f/14 + 11/7. Calculate the highest common factor of x and 20.
2
Suppose 61*q + 3*m - 310 = 59*q, m + 4 = 0. Calculate the greatest common divisor of 92 and q.
23
Let k = -3 - -12. Suppose q - 9*q = -6*q. Let x = k - q. Calculate the greatest common factor of 1 and x.
1
Let y be -38*(1 + -7 + 0). Let b(n) = 21*n + 395. Let c be b(-17). Calculate the greatest common factor of c and y.
38
Let f be 53 - 59 - (-105)/1. Let b(g) = g + 5. Let a be b(4). What is the highest common divisor of f and a?
9
Let h = -149 + 185. Calculate the highest common factor of 612 and h.
36
Suppose 2*v - 254 = -30. Let t = 14 - 11. Suppose -5*z + 87 = 4*q, -160 = -5*q + z + t*z. What is the highest common factor of q and v?
28
Suppose -9*z + 16*z = 378. What is the greatest common factor of z and 99?
9
Let j = -535 + 560. Calculate the highest common factor of j and 325.
25
Let q(r) = -117*r - 367. Let m be q(-7). Calculate the greatest common factor of m and 8.
4
Let o(g) = -5*g - 3. Let u be o(-2). Let k(f) = -5*f + 13. Let d be (12/(-8))/(6/40). Let w be k(d). Calculate the highest common divisor of u and w.
7
Suppose -2*g - 2*y - 2*y = -120, 2*g + 2*y = 120. What is the highest common factor of g and 12?
12
Let u be ((-28)/2)/7 - (-22 - 1). What is the highest common divisor of 21 and u?
21
Let n = -1464 + 1772. What is the greatest common factor of n and 484?
44
Suppose 5*n - 6 - 2 = -4*g, 3*g - 33 = 3*n. Suppose 2*d - 11 = g. Let u(y) = 8*y + 13. Let s be u(4). What is the greatest common factor of d and s?
9
Let n be 15 + 5*1/5. Suppose -4*t = 4*d - 3*d - 2, -3*d + 32 = -t. Let r be n/d - 16/(-40). What is the highest common divisor of 16 and r?
2
Let r = -23 + 48. Suppose -12*j = -11*j - 3. Suppose i = -3*i + 2*o + 196, -i = -j*o - 44. What is the greatest common factor of r and i?
25
Let m be ((-52)/6)/(1/3). Let s = m + 30. Suppose 0 = -b - 2*z + 21, 0 = -5*b + s*z + 55 - 6. Calculate the highest common factor of b and 13.
13
Suppose 2*r - 61 = -11. Let l = -421 - -407. Let s = l + r. Calculate the greatest common divisor of 121 and s.
11
Let w(c) = 48*c + 112. Let d be w(14). What is the greatest common factor of 16 and d?
16
Suppose -4*t - 42 = 4*p - 9*p, 0 = -2*p + t + 18. Let o be 2/p + 952/(-35). Let k = o - -75. Calculate the greatest common factor of 6 and k.
6
Suppose 0*y = -2*y + 4. Let s be (-20)/3*(-18)/(-4). Let w = s + 44. Calculate the highest common factor of y and w.
2
Let x = -1141 - -1150. Calculate the greatest common divisor of x and 666.
9
Suppose 2*m + 2*m = 0. Suppose -12 = -3*h - m. Let f be ((-9)/h)/((-33)/176). What is the highest common factor of 12 and f?
12
Let m be ((-52)/(-65))/((-2)/10). Let f be m/(-3)*(3 + 0). What is the highest common factor of 12 and f?
4
Let u(d) = 4*d + 4. Let b be u(-1). Let v = 18 - b. Calculate the greatest common factor of v and 18.
18
Let m(g) = -3*g**2 + 30. Let h be m(-3). Calculate the greatest common divisor of 516 and h.
3
Let z(f) = -f**2 - 16*f + 9. Let b be z(-8). Suppose -3*n = -65 - b. Suppose -2*v + n = -130. What is the highest common divisor of 8 and v?
8
Le